/264)/(-5). Let i be (-20)/4*(0 - 1). What is the greatest common divisor of u and i?
5
Suppose -4*x = -26 + 2. Let k be (-822)/(-18) + (-4)/x. Let h = -21580 + 21595. What is the greatest common factor of h and k?
15
Let p be 0 + 1 - (-4)/((-8)/114). Let i = p - -45. Let n be 13 + i + (-22)/(-2). What is the greatest common divisor of 26 and n?
13
Suppose 1309*m = 1287*m + 748. What is the greatest common factor of m and 46?
2
Let p be (-27942)/(-20) + (88/(-80) - (-11 - -10)). What is the greatest common factor of p and 55?
11
Let t be ((-2)/3)/((-6)/18) - -3. Suppose -t*g - g = 630. Let o be ((-280)/g)/(1/3). What is the highest common divisor of o and 2?
2
Suppose 0 = -108*h + 111*h - 186. Let u be (-4)/5 + 27/((-1215)/(-126)). Calculate the highest common divisor of u and h.
2
Let d = -10 + 14. Let s(i) = 224*i**2 + 434*i. Let p be s(-2). Calculate the highest common divisor of d and p.
4
Let p be (-1)/10 + (-331203)/(-30). Suppose 73*x = 25*x + p. Calculate the greatest common factor of x and 92.
46
Let q = -22135 - -38733. Calculate the highest common divisor of q and 172.
86
Suppose 36*u - 35*u = 5*j - 19993, 3*j + 2*u - 12014 = 0. What is the highest common divisor of j and 125?
125
Let f be ((-2)/(-3))/(7075/(-1770) - -4). Suppose -f + 33 = -7*x. What is the greatest common factor of x and 203?
29
Suppose 0 = -4*g - 69*n + 73*n + 640, 0 = 4*g + 2*n - 652. What is the highest common factor of g and 90?
18
Let g be (-230)/184 - ((-87)/12)/1. What is the greatest common divisor of g and 114?
6
Let a be ((-70)/6)/(2155/(-15516)). What is the greatest common divisor of a and 192?
12
Let v = 200 + -101. Calculate the greatest common factor of v and 561.
33
Let w(k) = 70*k**3 - 13*k**2 - 8*k + 89. Let y be w(7). What is the highest common factor of y and 332?
166
Let m be (-64584)/162*(-10)/((-120)/(-9)). Let i be 28 - (4 + -1 - 1). Calculate the highest common divisor of m and i.
13
Let v(p) = 8*p - 262. Let b be v(37). Calculate the highest common factor of 153 and b.
17
Let j(v) = -14*v + 4. Let w be j(-2). Let y be ((-128)/(-12))/(6 - (-1970)/(-330)). Calculate the highest common divisor of y and w.
32
Suppose -2*h - 4*m + 4740 = 0, 2*h - 4557 - 183 = -7*m. What is the highest common factor of 60 and h?
30
Suppose 4*k = -0*k + 16. Let t(j) = -j**3 - 3*j**2 - 2*j + 10. Let n be t(-6). Let i = n + -110. Calculate the greatest common divisor of k and i.
4
Let o = -80418 - -80442. Let z(q) = 431*q**2 + q. Let t be z(1). Calculate the greatest common divisor of o and t.
24
Let a be 1/4 + 14/8. Suppose a*r + 2*r - 20 = 0. Let u(q) = -q**3 + 9*q**2 - 12*q + 1. Let i be u(2). Calculate the highest common divisor of r and i.
5
Let b be (-3)/(-4) - (-19 - (-2422)/(-56)). What is the greatest common divisor of b and 273?
21
Let d = -101 + 217. Suppose -i + 13 = 5*z - 12, -5*i = 0. Suppose 0 = z*l - l - 696. What is the greatest common divisor of l and d?
58
Let y be 4/20 - 35616/(-120). Calculate the greatest common divisor of 132 and y.
33
Suppose 0 = -5*g - 5*o - 15, -2*g - 9 = 3*o. Suppose g = -139*x + 138*x + 184. Let h = 44 - 21. What is the greatest common divisor of h and x?
23
Let m(z) = 3*z**3 - 5*z**2 + 37*z - 306. Let k be m(12). Calculate the highest common divisor of k and 26.
26
Let u = 117 - -54. Suppose 14*g - 39 = u. Calculate the greatest common divisor of g and 1155.
15
Suppose k - 14530 = 81*v - 85*v, 0 = -3*v - 4*k + 10904. What is the greatest common factor of v and 48?
16
Let m = 127 + -122. Suppose 0 = 5*o - s - 238, -m*o - 11*s = -13*s - 241. Calculate the greatest common divisor of 235 and o.
47
Let p(o) = -744*o + 24. Let m be p(-1). What is the highest common factor of m and 3?
3
Let h be 2/(-6) - (-1520)/6. Suppose -2667*w - 694*w + 386515 = 0. Calculate the greatest common divisor of w and h.
23
Let h = 115 - 170. Let f be (112/(-20))/2*h. What is the greatest common divisor of 14 and f?
14
Let x(s) be the first derivative of -10*s**2 + 30*s - 127. Let y be x(0). What is the highest common divisor of 165 and y?
15
Let v = 146 - 29. Let x be 67 + 1*(-10)/5. What is the greatest common factor of v and x?
13
Let p = -29 - -41. Suppose -4*z + 119 = -129. Suppose z - 50 = f. Calculate the greatest common factor of p and f.
12
Let v be 24*18/288*54. Let t be -36*(3 - 156/16). What is the highest common divisor of v and t?
81
Let h be 22*31 - (-115 - -125). What is the greatest common divisor of 288 and h?
96
Let b(u) = -79*u - 378. Let y be b(-12). Let v = 636 - y. What is the highest common divisor of 297 and v?
33
Let i(c) = -c**2 + 16*c + 15. Let s be i(0). Suppose 0 = 21*a - s*a - 780. What is the greatest common divisor of 20 and a?
10
Suppose -336 = 4*l + 12*l. Let k be 3/(l/(-58)) + 40/(-140). Suppose 3*h - t = 118, 5*h + k*t - 196 = 9*t. Calculate the highest common divisor of 429 and h.
39
Suppose -r + 88 - 103 = 3*w, 98 = 3*r - 4*w. Let g = 31 - 13. What is the highest common divisor of g and r?
18
Let s(g) = 3 - 3015*g**3 + 8*g**2 + 3014*g**3 + 14*g + 2. Let b be s(7). Let q = b - 130. What is the highest common factor of q and 66?
22
Suppose 0 = -21*a + a + 10080. Let v be (-1)/5 - 281/(-5). What is the highest common factor of v and a?
56
Let g(w) = -8*w**3 + w**2 - 3*w + 4. Let y be g(-3). Suppose 400 + 216 = 77*j. Let o be j/48*-4*-21. What is the highest common divisor of o and y?
14
Let x(g) = -g**2 + 12*g - 21. Let w(q) = q**2 - q + 1. Let a be w(-2). Let u be x(a). Calculate the highest common divisor of u and 238.
14
Let m be (-3 + ((-8)/(-3) - -2))/((-60)/(-3420)). What is the highest common divisor of m and 18905?
95
Suppose -3112 = -b + 5*j, -4*b + 3*j + 8895 + 3417 = 0. Calculate the highest common divisor of b and 228.
12
Let q(v) = v**3 + 8*v**2 - 12*v - 9. Let l be q(-8). Let x = l - 69. Calculate the highest common factor of 306 and x.
18
Let w(s) be the second derivative of -s**3/6 + 3*s**2/2 + 89*s + 4. Let y = -4 + -4. Let x be w(y). What is the highest common factor of 121 and x?
11
Let f = 20941 - 20830. What is the greatest common divisor of f and 21941?
37
Suppose -10510 + 469 = -4*c + b, -5*c - 4*b + 12546 = 0. Let d be c/30 + (-3)/((-18)/(-4)). What is the greatest common divisor of 332 and d?
83
Let n = 2776 + -2704. Let u be (-2 - -24) + (-1 - -3). Calculate the highest common factor of n and u.
24
Let c = -12190 + 12207. What is the highest common factor of c and 51?
17
Suppose -27*i + 19662 = -54804. What is the highest common factor of i and 14?
14
Let h = -1955 + 2815. What is the highest common divisor of 1161 and h?
43
Let g be 8 + ((-11)/(-33) - (-2 - (-2578)/(-6))). Calculate the greatest common divisor of 1166 and g.
22
Let u be (1 - (-66)/12) + (-9)/6. Suppose 16 = v + 4*q, -u*v + 2*q + 34 = -q. Let l = 289 - 161. Calculate the greatest common factor of l and v.
8
Let k(x) = -394*x - 2338. Let q be k(-6). Let d be 624*(-1)/(((-6)/5)/2). What is the highest common divisor of d and q?
26
Let l(m) = -20 + 57*m**2 - 39*m**2 - 3*m + 5*m**2. Let a be l(-5). Calculate the highest common divisor of 30 and a.
30
Suppose 5*x + 10 = -s, 12*s - 15*s - 5*x = 0. What is the greatest common divisor of 105 and s?
5
Let o = 3 - -9. Let u(q) = q**3 + 5*q**2 + 3*q + 434. Let j be u(0). Let c = j - 362. What is the highest common factor of o and c?
12
Let s = -5 + -27. Suppose x + 35 = -0*x. Let u = s - x. What is the highest common divisor of u and 6?
3
Let f = -3632 - -3666. What is the greatest common divisor of f and 833?
17
Suppose 2*i + 3*i = -635. Suppose 4*f + 609 + 475 = 0. Let s = i - f. What is the greatest common factor of 16 and s?
16
Let z(b) = 15*b**2 + b - 34. Let p be z(-6). Let h be 21*3/6*p/75. Calculate the highest common divisor of h and 80.
10
Suppose -5*p + 2*b + b + 6606 = 0, 5*b = 2*p - 2631. Suppose -6*m + 3*m = -p. Calculate the highest common factor of 49 and m.
49
Suppose 67*k + 6*k - 27594 = 0. What is the greatest common divisor of k and 574?
14
Let t be (-3)/(-6)*((-9 - -16) + 1503). Let s = 964 - t. What is the highest common factor of s and 11?
11
Let o = 14 + -2. Suppose -4*k + 429 = -1107. Suppose k = 7*g - 204. What is the greatest common divisor of o and g?
12
Suppose -1612 = -g + h, -113*g + 109*g - 5*h = -6520. What is the highest common factor of 105